
{"version":"1.0","provider_name":"RE\/MAX Drac","provider_url":"https:\/\/www.santanyi.net\/ca\/","author_name":"RE\/MAX Drac","author_url":"https:\/\/www.santanyi.net\/ca\/","title":"Solar edificable a Ses Salines. Gran oportunitat! - RE\/MAX Drac","type":"rich","width":600,"height":338,"html":"<blockquote class=\"wp-embedded-content\" data-secret=\"ULBTO1WBEl\"><a href=\"https:\/\/www.santanyi.net\/ca\/property\/solar-edificable-a-ses-salines-gran-oportunitat\/\">Solar edificable a Ses Salines. Gran oportunitat!<\/a><\/blockquote><iframe sandbox=\"allow-scripts\" security=\"restricted\" src=\"https:\/\/www.santanyi.net\/ca\/property\/solar-edificable-a-ses-salines-gran-oportunitat\/embed\/#?secret=ULBTO1WBEl\" width=\"600\" height=\"338\" title=\"&#8220;Solar edificable a Ses Salines. Gran oportunitat!&#8221; &#8212; RE\/MAX Drac\" data-secret=\"ULBTO1WBEl\" frameborder=\"0\" marginwidth=\"0\" marginheight=\"0\" scrolling=\"no\" class=\"wp-embedded-content\"><\/iframe><script type=\"text\/javascript\">\n\/* <![CDATA[ *\/\n\/*! This file is auto-generated *\/\r\n!function(d,l){\"use strict\";l.querySelector&&d.addEventListener&&\"undefined\"!=typeof URL&&(d.wp=d.wp||{},d.wp.receiveEmbedMessage||(d.wp.receiveEmbedMessage=function(e){var t=e.data;if((t||t.secret||t.message||t.value)&&!\/[^a-zA-Z0-9]\/.test(t.secret)){for(var s,r,n,a=l.querySelectorAll('iframe[data-secret=\"'+t.secret+'\"]'),o=l.querySelectorAll('blockquote[data-secret=\"'+t.secret+'\"]'),c=new RegExp(\"^https?:$\",\"i\"),i=0;i<o.length;i++)o[i].style.display=\"none\";for(i=0;i<a.length;i++)s=a[i],e.source===s.contentWindow&&(s.removeAttribute(\"style\"),\"height\"===t.message?(1e3<(r=parseInt(t.value,10))?r=1e3:~~r<200&&(r=200),s.height=r):\"link\"===t.message&&(r=new URL(s.getAttribute(\"src\")),n=new URL(t.value),c.test(n.protocol))&&n.host===r.host&&l.activeElement===s&&(d.top.location.href=t.value))}},d.addEventListener(\"message\",d.wp.receiveEmbedMessage,!1),l.addEventListener(\"DOMContentLoaded\",function(){for(var e,t,s=l.querySelectorAll(\"iframe.wp-embedded-content\"),r=0;r<s.length;r++)(t=(e=s[r]).getAttribute(\"data-secret\"))||(t=Math.random().toString(36).substring(2,12),e.src+=\"#?secret=\"+t,e.setAttribute(\"data-secret\",t)),e.contentWindow.postMessage({message:\"ready\",secret:t},\"*\")},!1)))}(window,document);\n\/\/# sourceURL=https:\/\/www.santanyi.net\/wp-includes\/js\/wp-embed.min.js\n\/* ]]> *\/\n<\/script>\n","thumbnail_url":"https:\/\/www.santanyi.net\/wp-content\/uploads\/anaconda_property_media\/28901073-193821\/13-1.jpg","thumbnail_width":1920,"thumbnail_height":812,"description":"Busques l&#8217;ess\u00e8ncia pura de Mallorca? Presentem una oportunitat excepcional al nucli urb\u00e0 de Ses Salines. Aquesta parcel\u00b7la de 277 m\u00b2 no \u00e9s nom\u00e9s un terreny; \u00e9s una pe\u00e7a estrat\u00e8gica per la seva disposici\u00f3 en cantonada, amb 20 metres de fa\u00e7ana que garanteixen lluminositat, ventilaci\u00f3 i un ventall de possibilitats arquitect\u00f2niques inigualables. &#x1f48e; Atributs Destacats: M\u00e0xim [&hellip;]"}

Busques l&#8217;essència pura de Mallorca? Presentem una oportunitat excepcional al nucli urbà de Ses Salines. Aquesta parcel·la de 277 m² no és només un terreny; és una peça estratègica per la seva disposició en cantonada, amb 20 metres de façana que garanteixen lluminositat, ventilació i un ventall de possibilitats arquitectòniques inigualables. &#x1f48e; Atributs Destacats: Màxim [&hellip;]
